on factor of 2 and f?
2
Let u(b) = -b**3 - 4*b**2 + 2*b - 7. Suppose 9 = -4*r - 11. Let h be u(r). Calculate the greatest common divisor of h and 4.
4
Suppose -4*a + 5*k = -0*k - 116, -5*a + 3*k = -132. What is the greatest common factor of a and 12?
12
Suppose 5*l - l + 54 = 5*c, -2*l = 5*c - 48. Calculate the greatest common factor of c and 70.
10
Suppose 2*j = 2*d - 0*j - 10, -4*d + 3*j + 16 = 0. Calculate the highest common factor of 1 and d.
1
Let h be 1 + (-16)/4 + 11. Calculate the greatest common divisor of h and 2.
2
Let o be (-2)/(2 - 7/4). Let y be -1 - 50*4/o. Calculate the highest common factor of y and 36.
12
Suppose b + 46 = -2*m + 5*m, 2*m + 4*b - 40 = 0. What is the greatest common divisor of 144 and m?
16
Let t(o) = o**3 + o**2 - o + 7. Let u be t(0). What is the greatest common divisor of 49 and u?
7
Let b(g) = g**2 + 7*g - 37. Let r be b(-13). Calculate the greatest common divisor of r and 41.
41
Let u = 376 - 43. Let b = -235 + u. Calculate the greatest common factor of 14 and b.
14
Let n(m) = -m**2 + 8*m + 11. Suppose -4 = 4*c - 40. Let k be n(c). Suppose k*u - 5*u + 24 = 0. What is the greatest common factor of u and 2?
2
Let r(b) = 3*b + 11. Let c be r(-8). Let m = c + 20. Calculate the highest common factor of 56 and m.
7
Let j = -12 - -54. Suppose 25 = p - 38. Calculate the greatest common factor of j and p.
21
Suppose u - 95 = -w, -4*u + 200 = 2*w - 0*u. What is the highest common factor of 36 and w?
18
Let v = -51 + 71. Suppose w - 4 - 1 = 0. What is the greatest common factor of w and v?
5
Let r(c) = 2*c - 6. Let p be r(9). Let j be (-3)/(-2)*(-1 - -21). Suppose -2*v - j = -3*v. What is the highest common factor of p and v?
6
Let p(v) = v**3 + 6*v**2 - 7*v + 10. Let j = 15 + -22. Let h be p(j). Let f be (-1 - -12) + (-3 - -2). What is the greatest common divisor of h and f?
10
Let f(l) = -l - 1. Let q be f(3). Let n = q + 10. Suppose -n = -2*o + 6. What is the greatest common divisor of 6 and o?
6
Let d be (-5)/(-2)*48/40. Let s = -35 - -68. Calculate the highest common factor of s and d.
3
Suppose 6*v - 11*v = -450. Calculate the highest common divisor of 135 and v.
45
Suppose -96 = 5*h - 9*h. What is the greatest common factor of h and 16?
8
Let w = 26 - -50. Let l = w + -10. Calculate the greatest common divisor of l and 22.
22
Suppose 0 = -2*a - 2*a + 12. Suppose 3*v = 2 + 16. What is the highest common factor of v and a?
3
Let u(g) = 2*g - 3. Let w be u(3). Suppose 2*i = -5*q + 8 + 77, 0 = -w*i - 3*q + 132. Calculate the highest common factor of 5 and i.
5
Let c = 11 - 7. Suppose -15 = 4*f + c*u - u, 5*f = -u - 5. Suppose f*k - 2*k = -12. Calculate the highest common factor of k and 66.
6
Let x(t) = -t**2 + 8*t - 6. Let d be x(10). Suppose n + 10 = f - 2, 3*n + 2*f = -26. Let c = n - d. What is the greatest common divisor of 4 and c?
4
Let d(r) = 0*r + r + 1 - 5 + 6. Let t be d(3). Let f be 387/7 + 2/(-7). What is the highest common divisor of t and f?
5
Let m = 22 - 36. Let r be (-8)/(-28) + 44/(-7). Let p = r - m. Calculate the highest common divisor of p and 8.
8
Suppose 0 = -2*f + d + 74, 3*f + 4*d = 2*f + 55. What is the greatest common divisor of f and 26?
13
Suppose -54 = q + 2*q. Let g = -4 - q. Let s be g/4 - 9/6. Calculate the greatest common factor of s and 10.
2
Let n(v) = -v**3 + 2*v + 6. Let s be n(-3). Calculate the highest common divisor of 18 and s.
9
Suppose 3*t - 51 - 33 = 0. Let c(f) = -22*f - 2. Let n be c(-2). What is the highest common factor of n and t?
14
Let f = -11 + 10. Let q be -1 + (1 - 1) - -18. Let k = q - f. What is the highest common factor of k and 45?
9
Let j = -3 - -3. Let u be (1 - -2 - j) + 1. Calculate the highest common divisor of 16 and u.
4
Let z = 5 - 3. Suppose -z*o + 0*o + 30 = 0. Let g be (-3)/(-2)*40/o. What is the highest common divisor of g and 1?
1
Let d be (-1)/(-1) + 1 - -2. Suppose 2*s = -2, 1 = 2*r + d*s - 9. Let g = 24 + 11. Calculate the greatest common divisor of r and g.
7
Let v(t) = -3*t - 4. Let b be v(-3). Suppose 6*x - 91 = 2*x - 3*r, -r = -b*x + 109. What is the highest common factor of x and 22?
22
Let y(r) be the second derivative of r**5/20 - r**4/3 + 2*r**3/3 - r**2 + r. Let g be y(4). What is the greatest common divisor of 14 and g?
14
Let w be 4*(2 + (-21)/12). Let g(f) = 16*f**3 + f. Let b be g(w). Calculate the greatest common factor of b and 85.
17
Let h = 7 - 4. Suppose -2*x - 3*o + 6 - 13 = 0, -h*o = -x + 19. What is the highest common factor of 12 and x?
4
Let f = -3 - -11. Suppose -8*j + 4*j + 236 = 0. Let q = -11 + j. Calculate the greatest common factor of f and q.
8
Suppose 29 = w + m, 5*w - 143 = -3*m - m. Calculate the greatest common factor of 216 and w.
27
Let o = 245 - 167. What is the greatest common factor of o and 117?
39
Let g be (4/(-3))/((-2)/(-141)). Let d = g + 178. Suppose -2*t = 2*p - p - d, t + 3 = 0. What is the greatest common factor of p and 10?
10
Suppose -3*h - 4 = 2, -3*j + 81 = -3*h. What is the greatest common divisor of j and 75?
25
Let q be (-4)/(-18) - (-2898)/81. Let p be ((-372)/18)/((-3)/q). What is the greatest common divisor of p and 31?
31
Let s = 4 - -28. Calculate the highest common divisor of 4 and s.
4
Let t = 75 + -47. Calculate the greatest common divisor of 42 and t.
14
Let s(c) = -c**3 - 2*c**2 - 3 + 3 + 3. Let i = -6 - -3. Let v be s(i). Calculate the greatest common divisor of v and 132.
12
Let r(k) = -k**2 - 5*k - 3. Let z be r(-3). Suppose -z*d + 36 = d. What is the greatest common factor of 72 and d?
9
Let v be (-12)/4*12*4/(-6). What is the highest common divisor of 216 and v?
24
Let p = -167 + 303. What is the greatest common factor of 204 and p?
68
Suppose 2*k + x = 9, -3*k + x + 15 = -6. Let f = k + -2. Suppose 0 = 3*a + 6 + 3, -2 = j + f*a. What is the highest common factor of j and 30?
10
Let l be -4 + 4 - (-2 + -2). Let m = l - -2. Calculate the highest common factor of 9 and m.
3
Suppose -186 = -2*m - 2*c, -2*c - 5 = -3*c. Suppose -5*a - m = -a. Let b = 55 + a. What is the highest common factor of b and 11?
11
Suppose -3 + 23 = 5*p. Suppose y = p*y - 2*x - 27, -3*y + x + 27 = 0. Suppose -4*l + y = d, -4 = 3*l + 5*d + 2. What is the highest common factor of l and 12?
3
Suppose n - 6*n + 65 = 0. Suppose -9*m = -5*m - 208. What is the highest common factor of m and n?
13
Let m be 10/(-1 - -6)*14. Calculate the greatest common factor of m and 14.
14
Let h be 0 + (4 + 158 - 2). Let r = 232 - h. Calculate the greatest common factor of r and 8.
8
Let x be 9 - (-2 + 1 + 1). What is the highest common factor of 45 and x?
9
Let k be (4 - 2)/((-2)/(-4)). Suppose 0*l - k*x = -l + 13, -l - 3*x = -6. Let y be -3*(-1 - (11 - 0)). What is the greatest common divisor of l and y?
9
Suppose 5 = -2*c + 25. Let j(d) = d**3 - 5*d**2 - 6*d + 5. Let b be j(6). Calculate the highest common divisor of b and c.
5
Suppose -2*s + 34 = -0*s. Let i = -3 + 1. Let w = i + s. What is the greatest common divisor of 135 and w?
15
Let h = 7 + -2. Let k(m) = m**3 - 2*m**2 - m + 2. Let q be k(h). What is the greatest common factor of 9 and q?
9
Let t = -24 - -28. Suppose 0 = 5*v - 20, t*i - 95 - 445 = -3*v. Let z(n) = n**2 + 4*n + 7. Let o be z(-5). Calculate the greatest common factor of i and o.
12
Let c(s) = s**3 - s**2 + 3*s - 2. Let x be c(2). What is the highest common factor of x and 8?
8
Suppose 2*n = 6*n - 20. Suppose -2 = -3*r + r, -n*u + 28 = 3*r. Suppose s - 42 = -w - s, -3*w - u*s = -121. What is the highest common factor of w and 4?
4
Let s(f) = -2*f - 6. Let t be s(-6). Let z = t - 2. Let o = 56 - 40. Calculate the greatest common factor of z and o.
4
Let m be (-5 + 1)/((-2)/56). What is the highest common divisor of 16 and m?
16
Suppose 2*g + 12 = x + 2*x, 5*g = x - 4. Calculate the highest common factor of x and 12.
4
Let o be (3 + -2)*(60 - -3). Let c(r) = r**2 + 2*r - 3. Let w be c(-3). Suppose 4*u + w*u = 36. What is the greatest common divisor of o and u?
9
Suppose -w = -4*w. Suppose o + o + r - 42 = 0, 4*o + 5*r - 90 = w. Calculate the highest common factor of o and 10.
10
Suppose 4 = -8*w + 10*w. Suppose 0 = 5*l - g - 21, -3*g - g - 12 = -w*l. Calculate the highest common factor of l and 20.
4
Suppose 0 = -5*z - 3*p + 8*p + 615, 0 = -5*z - 2*p + 594. Let j(s) = s**3 - s**2 + 15. Let u be j